ue
Let f = -142318 - -259815. Is f a composite number?
False
Suppose 0 = 2*s - 36 + 10. Let t(u) = u**3 - 13*u**2 + 4*u - 17. Is t(s) prime?
False
Let w(j) = 36*j + 3. Let m be w(11). Let z = m - 0. Let a = z + -238. Is a a prime number?
False
Let u(f) = -61*f**2 + 14*f - 10. Let c(t) = 31*t**2 - 7*t + 5. Let g(w) = 7*c(w) + 3*u(w). Is g(4) prime?
True
Let o = -54 - -79. Suppose 5*c = c - 4*s + 4, -5*c + 5*s + o = 0. Suppose c*t = 8*t - y - 720, 300 = 2*t + 2*y. Is t prime?
False
Let q(m) be the second derivative of 221*m**3/6 + 14*m**2 - 2*m. Is q(3) prime?
True
Let m = -880 + 1883. Is m a composite number?
True
Let g be 2/(-2) + 6 + -5 + 421. Let h = g - -432. Is h a composite number?
False
Let j be (6/5)/(21/70). Suppose -j*f = s + 22, 3*f = -6 - 6. Is 21/s*(-1 + -33) composite?
True
Let i be (-2316)/(-6)*(0 - -4). Suppose -i = -2*a + 6846. Is a composite?
True
Suppose 0 = -w + 5*t + 246, 5 = 5*t + 30. Is w prime?
False
Let z = 2535 + -454. Is z a prime number?
True
Is ((-177)/6)/((25/530)/(-5)) composite?
True
Let y be 60/8*(-2)/(-3). Let d = 8 - y. Suppose -141 - 6 = -d*x. Is x prime?
False
Let d = 5418 + 5299. Is d composite?
True
Let w be ((-2996)/12 - -1)/((-2)/3). Let u = 414 + w. Is u composite?
False
Let h be (1 + 1)/2 - -3. Suppose -4*o + 2*z = o + h, 3*o = 2*z. Is (-1 - (0 + o))*13 composite?
False
Let d = 32 - 26. Suppose d = 3*i, 61 + 710 = z + 2*i. Is z a prime number?
False
Let j = -275 + 424. Let s be 1 - (1 - (-92 - -1)). Let y = j + s. Is y composite?
True
Suppose u = -0*u, 5*u = v - 3. Suppose -w = v*w - 2164. Is w a prime number?
True
Let o be ((-63)/(-35))/((-3)/(-10)). Suppose -2*y + 2*i = -o, 2*y + 3*i = 4*i + 10. Let x(r) = 7*r + 10. Is x(y) a composite number?
False
Let m be -3*(-3)/((-18)/(-46)). Let n be (56/35)/((-2)/(-60)). Let w = n + m. Is w composite?
False
Let u(n) = 12*n + 8*n**2 - 30 + 56 - 23. Is u(-11) a composite number?
False
Let z = 169682 + -75903. Is z a composite number?
True
Let q(c) = 4801*c**2 + 3*c + 9. Is q(-2) prime?
True
Let v(p) = -125*p - 14. Suppose 0 = -8*z + 4*z - 84. Is v(z) a prime number?
False
Suppose 0 = -3*k - k + 69528. Suppose -18*a = k - 102360. Is a a prime number?
True
Let d(k) = 12*k**3 + 4*k**2 + 3*k + 1. Let l be d(-4). Let f = l - -1379. Suppose -4*y + f = -1476. Is y a prime number?
False
Suppose z - 2631 - 2200 = 0. Is z prime?
True
Let s(g) = g**2 - g - 7. Let v be s(-3). Suppose 0 = 4*d - 3*f + 24, v*d = -3*f - 0 - 3. Is (-254)/d*105/14 a composite number?
True
Is 2517/((-17)/(-5) - (-52)/(-130)) a prime number?
True
Let j(y) = -18*y**3 + 6*y**2 + 35*y + 145. Is j(-6) a prime number?
False
Let q = 211 - 617. Let w = q - -825. Is w prime?
True
Let f(h) = -57*h + 46. Is f(-8) prime?
False
Suppose -y = 3*y - 3*y. Suppose 0*c + c - 485 = y. Is c prime?
False
Suppose -4*n + z - 1 = 1, -z + 2 = -2*n. Suppose y - 6 - 12 = n. Let m = y - -4. Is m composite?
True
Suppose 3*j + 20 = -5*b, -3*j + 6*j - 2*b - 8 = 0. Let y = 4 - j. Suppose 0*d - 640 = -4*d + 5*n, n + y = 0. Is d a composite number?
True
Let k(n) be the second derivative of -1/6*n**3 - 1/12*n**4 + 0 - 3*n + 33/2*n**2. Is k(0) composite?
True
Let u(l) = 4*l - 2. Let j(f) = -5*f + 1. Let n(r) = 5*j(r) + 4*u(r). Suppose 4*o + 14 = -2*t, -2*o - t + 2*t - 17 = 0. Is n(o) a composite number?
True
Let b(a) = -8791*a**3 + 4*a**2 + a - 3. Is b(-1) prime?
False
Suppose 14*x = -5*x + 57551. Is x a composite number?
True
Is (-6)/4 + 4/8 - -5364 composite?
True
Let f be 39/(-2)*(-24)/36. Let z be 2950/2*(f + -14). Is 8/28 + z/(-7) a composite number?
False
Suppose -2*a + 3*o + 3207 = 3*a, 3*o + 12 = 0. Let l be ((-1)/(-1))/(1/34). Suppose -x + l = -a. Is x a prime number?
True
Is (-8 - -6) + 8 + 8581 a prime number?
False
Suppose -529 = -2*h + 1593. Is h composite?
False
Let b be -4*4*(-3)/(-12). Let m = 8 + b. Is m/(-6)*(-2388)/8 a prime number?
True
Let q = -807 + 2093. Suppose -4*m = 3*w - q, 3*m - 478 = 5*w - 2573. Is w composite?
True
Let l(z) = z**3 + 8*z**2 + 7*z + 7. Let t(i) = i**3 + 8*i**2 - 7. Suppose -2*f = -3*f - 8. Let m be t(f). Is l(m) prime?
True
Let q(n) = -3*n - 4. Let z be q(-3). Let g be (-11408)/(-14) - (-3)/21. Suppose 0*j + z*j = g. Is j composite?
False
Suppose -3*u = -0 - 12. Let l = 331 - -102. Suppose -u*w = -2*d + 170, -w - w = -5*d + l. Is d a composite number?
True
Let m = -12 - -14. Suppose 0*t + m*t = 5*l + 148, 4*t - 278 = l. Suppose -3*p + 24 + t = 0. Is p a composite number?
False
Let v be ((-102)/(-18) - 3)*63. Suppose -3*a - 15 = -v. Is a a composite number?
True
Let y(q) = 101*q**2 + 8*q + 12. Suppose 0 = 50*s - 49*s + 5. Is y(s) a composite number?
True
Let z = -2098 - -16353. Is z composite?
True
Suppose -5*g + 0*g = -30. Let h = 4217 - 2182. Suppose n = g*n - h. Is n prime?
False
Suppose -33*m + 7519 + 27098 = 0. Is m a prime number?
True
Let t(w) = 45*w**2. Let n be t(3). Let p = n + 97. Suppose 2*x = -y + 251, 0 = 2*y - 5*x + 2*x - p. Is y composite?
False
Let s be 0 - 3270/(-4) - (-53)/106. Let v = s + -471. Is v prime?
True
Suppose -5*k = -5*a - 845, 0*k + 4*a = k - 157. Let w = 1138 - 499. Suppose 0 = -4*j + k + w. Is j a composite number?
True
Let y = 49 + 7. Is -1 - (y - 4)/(-2) prime?
False
Let k(a) = a**2 - a. Let d be k(2). Let v = -12 + 12. Suppose z - 105 = -v*m - 2*m, 2*z = -d*m + 202. Is z a composite number?
False
Suppose -4*v + 11508 = -2*b, -2*v + v - 3*b + 2891 = 0. Is v a prime number?
True
Is 13 + -8 - (-2 + -808) prime?
False
Let f = 10062 - 4665. Suppose -2*r = 2*r, 3*l - r = f. Is l composite?
True
Suppose 4*l - 3 - 17 = -4*r, 5*r - l = 19. Suppose 3 = -r*b + 743. Is b composite?
True
Suppose 1 - 6 = f, 5*f = -2*z - 17. Suppose 0 = -5*c + b + 1534, 6*c = 2*c + z*b + 1224. Suppose 2*l = 3*l - c. Is l prime?
True
Suppose 3*i + 3*h + 7 = -32, 0 = -2*i + 2*h - 10. Is 1145/9 - (7/i + 1) composite?
False
Let c(l) = -1473*l + 82. Is c(-7) a prime number?
False
Is (5 - (-8 + 16)) + 9874 composite?
False
Suppose 3056507 = 20*u + 11*u. Is u prime?
True
Suppose -18*o + 13*o = -30595. Is o composite?
True
Suppose 0 = 4*v - 12, 3*r = r - 5*v + 17. Suppose -5*d - 2*s = 14 - 0, 21 = -3*d + 3*s. Is 57 + (r - (-12)/d) a composite number?
True
Let s = -12310 + 19881. Is s prime?
False
Let q = 170514 + -96695. Is q composite?
False
Let r = -1772 + 709. Let s = 2060 + r. Is s a composite number?
False
Let y be 132/24 + 1 + (-3)/2. Let c(n) = -7*n**2 + 11*n + 7. Let l(m) = 6*m**2 - 11*m - 6. Let s(t) = -5*c(t) - 6*l(t). Is s(y) composite?
False
Suppose -2655 = 12*h - 7227. Is h a composite number?
True
Let v(q) = q + 5. Let y be v(-3). Let p(o) = -51*o**2 - 3*o - 1. Let h(f) = -154*f**2 - 8*f - 3. Let a(i) = -3*h(i) + 8*p(i). Is a(y) composite?
True
Suppose -3*j + 113 = 11. Suppose -5*s + 361 = -j. Is s a prime number?
True
Suppose -3251 = -q + 5*b, b = -4*q + 3*q + 3251. Is q prime?
True
Suppose -2*r - 2 = -10. Suppose 7*b = r*b + p + 1825, 5*p = 25. Suppose -5*y + b = -5*i, 0*i - 20 = 5*i. Is y a prime number?
False
Let k(i) be the second derivative of 2/3*i**3 - 10*i + 1/2*i**2 - 3/20*i**5 - 1/12*i**4 + 0. Is k(-7) a prime number?
True
Let q(y) = -20 + 4 + 6 - 21*y**3 - 7*y**2 + 15 - 4*y. Let f(p) = p**2 - 7*p - 4. Let g be f(7). Is q(g) a composite number?
True
Suppose -24*s + 34*s = 51970. Is s a prime number?
True
Let w = 29623 - 15954. Is w prime?
True
Suppose 1345725 = -133*n + 178*n. Is n a prime number?
False
Let c be (7 + -8)/((-2)/(-138)). Is (c/(-2))/(27/18) composite?
False
Let s = 24895 + -16076. Is s composite?
False
Suppose 1297 = 13*v - 640. Is v prime?
True
Let k(c) = c**3 - 22*c**2 + 22*c - 53. Is k(26) composite?
True
Let f = 7064 + 19241. Is f composite?
True
Let q be 6/30 + 6/(-5). Let j be q/(1*(-4)/212). Suppose 0 = 2*c - 731 + j. Is c a composite number?
True
Suppose -6 = 3*m - 5*m. Is 781 - m/((-6)/8) a composite number?
True
Let f(n) = -55*n - 7. Let c = 30 - 32. Is f(c) a prime number?
True
Let g(o) = 5*o**3 + 3*o**2 - 8*o + 3. Let d(q) = 6*q**3 + 4*q**2 - 9*q + 3. Let k(h) = 4*d(h) - 5*g(h). Let r = 136 - 141. Is k(r) prime?
True
Suppose i + 5*j = -28, 4*i = 3*i + j + 2. Let d = 8 + i. Is (-216)/(-5) - d/25 composite?
False
Suppose 3*b = 4*b - 2*n + 168, 0 = -3*n - 15. Suppose -2*s - 367 = 343. Let r = b - s. Is r a composite number?
True
Let s be ((-